) = u**3 + 4*u**2 + 2*u - 1. Let o be r(-3). Let z(w) = w**2 - 2*w + 2. Let c be z(o). Suppose 5*i = -5*l - 5, -4*i + 26 = -c*l - 0*l. Is i prime?
False
Suppose t + 2 = 0, 39 = -5*m + 4*t - 3. Let j be -12*(m/(-4) - 2). Is ((-2)/j)/((-1)/(-21)) composite?
False
Suppose -1357 = -7*d + 8436. Is d composite?
False
Let o(m) = 130*m**2 + 1. Let w be o(1). Suppose 0 = 2*t + 45 - w. Let i = -20 + t. Is i composite?
False
Suppose -3*b + 5 = 2*b. Suppose b = -f + 2*f. Is 28/(-8)*(f - 3) prime?
True
Let y be (-2)/(-6) - 1653/(-9). Suppose y + 138 = 2*i. Is i a prime number?
False
Let y = -1 + 0. Let m = 7 + y. Suppose 5*z + 11 = m*z. Is z composite?
False
Let y(x) be the second derivative of 29*x**4/6 - x**3/6 - x. Is y(-1) prime?
True
Let j = -8 - -13. Suppose 747 = j*q - 498. Is q prime?
False
Suppose 4*i = 5*o - 5, 0 = 3*i + 2*o + 2*o - 4. Suppose -2*c = -i*c - 2098. Is c composite?
False
Let v(u) = -u**2 - 1. Let z(w) = 17*w**2 - w - 1. Let o(b) = -2*v(b) + z(b). Is o(-2) prime?
True
Suppose 0 = -15*m + 16662 - 5907. Is m a composite number?
True
Let y(m) = -m**3 - 9*m**2 - 2*m + 4. Let u(c) = -c**2 + 12*c - 5. Let w be u(8). Suppose 0*i + 3*i + w = 0. Is y(i) a composite number?
True
Suppose 0 = 3*n, 0 = p - 0*n - n - 37. Suppose 5*v = 152 - p. Is v composite?
False
Let y(w) = w**2 + 4*w - 5. Let q be y(-5). Suppose q = -2*v + 8 + 4. Is v/15 - (-63)/5 prime?
True
Let a = -12 - -7. Let n(g) = 3*g**3 - 4*g**2 + 12*g + 6. Let k(x) = -x**3 + 2*x**2 - 6*x - 3. Let c(p) = a*k(p) - 2*n(p). Is c(-4) a prime number?
True
Is 12/112*4 + 58556/14 prime?
False
Let d(m) = 6*m. Let z be d(2). Suppose -3*i - l = i + 24, 0 = 4*i + 3*l + 32. Let k = z + i. Is k a prime number?
True
Let d = -268 - -470. Is d prime?
False
Suppose j - 108 = 13. Is j composite?
True
Suppose -6*o = -3*o. Suppose -4*y - 4*a + o*a = -584, -2*y = a - 295. Is y prime?
True
Suppose 4*q + 468 = 3*z, q = 3 - 0. Suppose -3*a + 4*w + 155 = 0, -5*a + w - z = -8*a. Is (a/(-2))/(5/(-10)) prime?
True
Let m = -14 - -10. Let v be m*(-2 + (-153)/12). Suppose r - v = 24. Is r a prime number?
True
Let l(h) = -1. Let p(a) = -2*a - 1. Let y(w) = 4*l(w) + p(w). Let s = -27 + 17. Is y(s) a prime number?
False
Suppose -4*t = -0*j - 5*j + 11645, 4*j + 2*t - 9342 = 0. Is j a prime number?
True
Let u(h) = -h**3 + 10*h**2 + 12*h - 9. Is u(8) prime?
False
Let t(y) = y**3. Let o be t(0). Suppose -3*h - 10 + 1 = o, 2*a + 2*h - 96 = 0. Is a a prime number?
False
Let r(f) = f + 8. Let y be r(-6). Suppose -2*g = -y - 36. Is g prime?
True
Let n(t) = 7*t**3 - 18*t**2 + t - 7. Is n(9) prime?
False
Let h be (-36)/3*1/(-2). Suppose -224 = -h*k + 130. Is k prime?
True
Let w(p) = p**2 - 2*p + 2. Let u be w(2). Suppose 5*g + 11 = -u*s, s - g = 2*g + 11. Suppose 50 = s*z + c - 199, 3*z - 396 = 3*c. Is z composite?
False
Suppose p = 5*f + 25, 2*f - 28 = 5*f + 2*p. Suppose -5*w = y + 412, -2*y + y - 2 = 0. Is (2 - w/f)*-3 a prime number?
False
Suppose 5*v = 3*s + 58, 4*s - 7 = -3*v + 2*v. Let u(r) be the third derivative of r**5/60 - 5*r**4/12 + 2*r**3 + r**2. Is u(v) prime?
True
Let w be 2*((-2)/(-4) - 0). Suppose 4*r = 4*k - 0*r - 12, 29 = -2*k - 5*r. Is 20 + (1 + k)/w a prime number?
True
Let o(y) = -2*y - 6 + 0*y**2 + y**3 - 3*y**2 + 10*y**2. Let s be o(-5). Let w = s - 19. Is w composite?
True
Let r be 0 + 2 + -7 + 4. Let q(n) = 268*n**2 - n - 2. Is q(r) a prime number?
False
Let a be (-11)/3 - (-1)/(-3). Let t be (-10)/(-14) + a/(-14). Is (-2)/((-16)/14 + t) prime?
False
Suppose -u - 1352 = -4*u + v, 0 = 4*u - 2*v - 1806. Is u composite?
False
Is (22/1 + -2)*(-79)/(-4) prime?
False
Suppose -3*p - p - 52 = 0. Let v = p - -7. Is v/(-9) + (-91)/(-3) composite?
False
Suppose -1452 - 1783 = -5*l. Suppose -5*r - 4*b = -l, 2*b - 514 = -4*r - 0*b. Is r prime?
True
Suppose -1055 = -4*c - c. Is c a prime number?
True
Let s(k) = -k + 3. Let n be s(6). Let r be (-19)/n - 3/9. Is 112/6 - r/(-18) composite?
False
Suppose 4*h = 16, 0*d + 5*h - 10 = 2*d. Let l = d + 5. Is l prime?
False
Let h be 129/2*(-72)/27. Let y = h + 335. Is y a composite number?
False
Suppose 3*a + 13 = 3*n - n, -3*a + 3*n - 15 = 0. Let k = a - -22. Is k a prime number?
True
Is (-1 + 3 - 1)/((-17)/(-23851)) composite?
True
Let w(k) = -2*k**3 + k**2 + k - 4. Suppose 2*l + 4 + 6 = 0. Let u be w(l). Let v = u - 147. Is v a prime number?
False
Let d = 36 + -19. Let p = -14 - -7. Let m = d + p. Is m a prime number?
False
Suppose 55 + 3697 = b. Is (-3)/5 - b/(-20) prime?
False
Suppose 0*d + 102 = d. Let o = -44 + d. Is o prime?
False
Suppose -10 = -4*k + 2*k. Suppose 10 = q + 4. Suppose -k*n + u = -51, -n + 4*u - q = -2*n. Is n composite?
True
Suppose -3*l - 3*f = -9, -2*l = -7*f + 2*f - 20. Suppose -l*n + 2 = -8. Is 2*-2*(-5)/n a prime number?
False
Suppose -5*r - 2*a + 11471 = 0, 4*r - 3*a - 2857 = 6306. Is r a composite number?
False
Is (5533/22)/(1/2) composite?
False
Let u = 16 - -11. Let o = 49 - u. Is o a prime number?
False
Let t(i) = -20*i**3 + 8*i**2 + 5*i + 11. Is t(-8) prime?
True
Suppose 0 = 2*z - 27 - 3. Suppose -5*q = z, 4*g - q - 68 = -13. Is g a composite number?
False
Let z = 9 - 7. Suppose -131 = -b + z. Is b composite?
True
Suppose -m - 2*n = -239 - 30, -4*m + 2*n + 1026 = 0. Is m a prime number?
False
Suppose -9*t - 6 = -12*t. Suppose 0 = -5*y + 5, 3*z - 3757 = -t*z - 2*y. Is z a prime number?
True
Suppose 8*f - f = 805. Is f a composite number?
True
Let i = 15 + -8. Suppose i = h - 30. Is h a prime number?
True
Let r(n) = 34*n - 4. Suppose 2*h - h = -x, 0 = 4*h + 3*x - 5. Let g be r(h). Let c = g + -99. Is c a prime number?
True
Let r(v) = -v + 12. Let g be r(9). Suppose -b + 0*z + 2*z + 13 = 0, -3*z = 4*b - 8. Suppose 2*d - 450 = -b*m + 21, -4*d - 267 = -g*m. Is m composite?
True
Let i(c) = 30*c**2 + 14*c + 1. Is i(6) composite?
True
Let o(f) = f**3 - 4*f**2 - 9*f + 2. Let c be o(6). Let p(n) = 1 - 10*n - c*n - 6. Is p(-5) a prime number?
False
Is (4 - 1)*(0 + 29) prime?
False
Let b = -1 + 4. Suppose -b*t = -l + 97, 5*l - 2*t - 2*t = 441. Is l a prime number?
False
Is -3*(2756/(-39) + 2 + -1) composite?
True
Let k(d) = d**3 + 15*d**2 + 8*d - 1. Is k(-7) prime?
False
Let l(t) = 1260*t - 1. Is l(1) a prime number?
True
Suppose -2*j + 1672 = -i, 0 = 3*j - 6*j + 5*i + 2515. Is j a composite number?
True
Let l(j) = j**3 + j**2 - 2*j + 1. Let q be l(1). Is (0 - q)/((-5)/30) composite?
True
Let b(l) = -l**3 + 8*l**2 - 6*l - 3. Let s be b(7). Suppose 19 = 3*n - v - v, -2*n + s*v = -10. Is n composite?
False
Suppose 0*r = -2*r + 2. Let x be (-2 + 1)*(36 - -2). Is (-1 - x)*(r - 0) prime?
True
Let t be (1 - -1)*(-10)/(-4). Let r be 9/5 + 1/t. Is 1*r*(2 + -1) composite?
False
Suppose f + 5*b = -4*f, -4 = -f + 3*b. Let l = 5 - f. Suppose -c = -4*c + g + 107, -l*c - 5*g + 130 = 0. Is c composite?
True
Let z = 351 + 389. Suppose 0*x - 4*x + z = 0. Suppose 0*w + 5*w - x = -3*i, -197 = -3*i + w. Is i prime?
False
Let j(w) = -8*w - 7. Let l be 8/(-12) - (-25)/(-3). Is j(l) composite?
True
Suppose -d = 2*d - 99. Let r = 70 - d. Is r prime?
True
Suppose -3*v + 24 = v. Let y be ((-6)/4)/((-3)/v). Suppose 0 = -y*p + 5*j + 126, 3*p + 8*j = 3*j + 156. Is p prime?
True
Suppose 0 = q + 1 - 5. Let d = q - 4. Suppose -2*a = -d*a - 42. Is a prime?
False
Let q = 256 - 151. Suppose 0 = u + 4*u - q. Suppose a = -5*k + 117, 0 = -k - 0*k + a + u. Is k a composite number?
False
Suppose -q = -4*q + 6. Is q*((-633)/(-2) - -1) prime?
False
Suppose -4*g + 293 = -3*g. Is g a composite number?
False
Suppose 4*z - 2*z - 4082 = 0. Is z a composite number?
True
Let x be (-1)/(-2) + (-3)/(-2). Suppose -3*w - x*h = -0*w - 3, 0 = -4*w + h + 15. Suppose -3*m = 5*k - 278, -2*m - 86 = -w*m + 5*k. Is m a prime number?
False
Suppose 0*q + 2*q + 14 = 3*z, 7 = 2*z + q. Let d = 12 + -8. Suppose 0 = v + z*x - 63, d*v + 0*v + 5*x - 263 = 0. Is v a prime number?
True
Is (-633)/(-2)*(-132)/(-18) prime?
False
Let v(x) = 15*x + 326. Is v(0) a composite number?
True
Suppose 0 = 2*b + 5 + 9. Let v(w) be the first derivative of -w**2 + 5*w - 1. Is v(b) a composite number?
False
Let q be 20/6 + (-1)/3. Suppose -31 = -2*t - 5*o, -47 = -q*t - 2*o + 5. Suppose -40 = -2*s - 3*a, -2*s = -s + 2*a - t. Is s a composite number?
True
Is (-2098)/6*(3 + -6) a prime number?
True
Let w = 938 - 373. Is w a prime number?
Fa